reatest common divisor of 3546 and 164298.
1182
What is the greatest common factor of 1132230 and 9855?
1095
What is the greatest common factor of 597116 and 12?
4
What is the greatest common factor of 32185 and 26035?
205
Calculate the greatest common divisor of 551444 and 2848.
356
Calculate the highest common factor of 293188 and 148.
148
Calculate the highest common factor of 5070 and 4110.
30
What is the highest common divisor of 98364 and 1176?
84
What is the highest common factor of 210945 and 21?
21
What is the highest common factor of 1053 and 3978?
117
What is the highest common factor of 3360 and 34230?
210
What is the greatest common factor of 866858 and 4?
2
Calculate the highest common divisor of 89182 and 68.
34
Calculate the greatest common factor of 41157 and 85.
17
What is the greatest common factor of 183 and 1797?
3
Calculate the greatest common divisor of 1262925 and 9.
9
Calculate the greatest common divisor of 102 and 270861.
51
What is the greatest common factor of 20562 and 617754?
894
Calculate the highest common factor of 1552 and 1649.
97
Calculate the highest common divisor of 12762 and 5026101.
2127
Calculate the greatest common divisor of 75 and 3207375.
75
Calculate the highest common divisor of 136445 and 290.
145
What is the highest common divisor of 10 and 1520630?
10
Calculate the highest common divisor of 19120 and 80.
80
Calculate the greatest common divisor of 24521 and 1519.
217
Calculate the highest common factor of 28 and 22988.
28
Calculate the greatest common divisor of 11060 and 25.
5
What is the highest common factor of 48792 and 8?
8
What is the greatest common factor of 1088 and 3536?
272
Calculate the highest common divisor of 32395 and 31.
31
What is the greatest common divisor of 171 and 147801?
57
What is the highest common divisor of 2941 and 544?
17
Calculate the highest common factor of 99 and 8283.
33
Calculate the highest common factor of 128 and 184.
8
What is the greatest common factor of 185 and 1077773?
37
Calculate the greatest common factor of 44 and 343508.
44
Calculate the greatest common factor of 24352 and 136.
8
Calculate the greatest common divisor of 25900 and 268800.
700
Calculate the highest common divisor of 1364921 and 181.
181
Calculate the highest common divisor of 53955 and 5341.
109
What is the greatest common factor of 938 and 970361?
469
Calculate the greatest common factor of 44837 and 26.
13
What is the greatest common divisor of 43944 and 48?
24
Calculate the highest common divisor of 3103 and 72011.
107
What is the highest common divisor of 2145 and 453960?
195
What is the highest common divisor of 95 and 1706390?
95
Calculate the highest common factor of 357408 and 1020.
204
Calculate the greatest common factor of 44092 and 302.
302
What is the highest common factor of 82542 and 354?
6
What is the highest common factor of 312 and 1209?
39
What is the highest common divisor of 151 and 89543?
151
What is the highest common divisor of 2890733 and 887?
887
What is the greatest common divisor of 85 and 11645?
85
What is the highest common factor of 137648 and 48?
16
Calculate the highest common factor of 738756 and 108.
36
What is the greatest common divisor of 46446 and 6?
6
What is the greatest common divisor of 338 and 189956?
338
Calculate the greatest common factor of 10 and 2821430.
10
Calculate the highest common divisor of 144 and 387180.
36
Calculate the highest common divisor of 26 and 184184.
26
What is the highest common factor of 560 and 2922640?
560
Calculate the highest common factor of 281704 and 69.
23
Calculate the highest common factor of 5 and 895.
5
What is the greatest common divisor of 91 and 3017?
7
Calculate the greatest common divisor of 1450 and 260.
10
Calculate the greatest common factor of 886476 and 24.
12
What is the greatest common divisor of 1502 and 2050981?
751
Calculate the highest common factor of 42384 and 96.
48
Calculate the highest common factor of 120 and 645.
15
What is the highest common factor of 4438 and 9827?
317
What is the highest common factor of 18 and 11586?
6
Calculate the greatest common factor of 38617 and 161.
23
Calculate the highest common divisor of 52 and 98722.
26
What is the highest common factor of 1197 and 29127?
399
What is the greatest common divisor of 5 and 206?
1
What is the highest common factor of 68996 and 2068?
188
What is the highest common divisor of 54 and 63252?
18
What is the greatest common divisor of 61745 and 5?
5
Calculate the greatest common factor of 4624 and 64.
16
What is the highest common divisor of 133 and 4214371?
133
What is the greatest common factor of 327 and 82622?
109
What is the highest common factor of 5578710 and 30?
30
Calculate the highest common factor of 1331188 and 164.
164
What is the highest common factor of 525434 and 234?
26
Calculate the highest common factor of 809351 and 73.
73
Calculate the highest common divisor of 43981 and 56.
7
Calculate the highest common divisor of 69930 and 252.
126
What is the greatest common divisor of 2034078 and 543?
543
What is the greatest common factor of 117 and 2613?
39
Calculate the highest common divisor of 16 and 9074.
2
What is the highest common factor of 11580 and 14?
2
What is the greatest common divisor of 23622 and 2294?
62
Calculate the highest common factor of 59 and 14337.
59
Calculate the highest common factor of 196548 and 198.
66
Calculate the highest common factor of 146 and 2283878.
146
Calculate the greatest common factor of 132634 and 470.
94
Calculate the greatest common divisor of 70 and 7406.
14
What is the greatest common divisor of 375 and 309875?
125
What is the highest common divisor of 17 and 614941?
17
What is the highest common factor of 42 and 1108254?
42
Calculate the highest common factor of 43092 and 7524.
684
What is the highest common divisor of 67 and 167299?
67
Calculate the greatest common factor of 282 and 9960.
6
Calculate the greatest common divisor of 65 and 929565.
65
What is the greatest common factor of 7744 and 9196?
484
What is the greatest common divisor of 874404 and 214?
214
What is the greatest common factor of 1812780 and 1296?
324
What is the highest common divisor of 23258 and 116?
58
Calculate the greatest common divisor of 4875710 and 70.
70
What is the highest common factor of 3648 and 86412?
228
Calculate the highest common divisor of 2184 and 10530.
78
Calculate the greatest common factor of 512 and 39552.
128
What is the highest common factor of 1910 and 245435?
955
What is the greatest common divisor of 2680 and 17554?
134
Calculate the greatest common divisor of 20130 and 9390.
30
Calculate the greatest common factor of 1710 and 360.
90
Calculate the highest common divisor of 570 and 56655.
15
What is the greatest common divisor of 39545 and 88?
11
Calculate the highest common factor of 24 and 63390.
6
Calculate the greatest common factor of 2028 and 1196.
52
Calculate the greatest common factor of 4605 and 255.
15
Calculate the greatest common divisor of 510 and 302430.
510
What is the highest common factor of 29190 and 273?
21
Calculate the highest common divisor of 1407 and 159.
3
Calculate the greatest common factor of 191799 and 7272.
909
What is the highest common factor of 69410 and 33?
11
What is the greatest common factor of 24487 and 3126?
521
Calculate the highest common divisor of 2400 and 96.
96
What is the greatest common factor of 6316 and 1479523?
1579
Calculate the greatest common factor of 269315 and 2135.
305
Calculate the greatest common divisor of 4719 and 5733.
39
What is the greatest common divisor of 843674 and 286?
26
What is the greatest common factor of 39091 and 194?
97
Calculate the highest common divisor of 3961 and 748.
17
Calculate the greatest common divisor of 2499 and 7203.
147
What is the greatest common divisor of 459 and 5457357?
153
Calculate the greatest common factor of 70 and 34930.
70
What is the greatest common divisor of 437550 and 400?
50
What is the highest common factor of 7749 and 105?
21
What is the greatest common factor of 388328 and 8?
8
Calculate the greatest common divisor of 89 and 610807.
89
Calculate the greatest common divisor of 104 and 745264.
104
Calculate the highest common divisor of 6300 and 